{"id":322,"date":"2019-11-28T18:32:29","date_gmt":"2019-11-28T18:32:29","guid":{"rendered":"http:\/\/3.133.139.169\/?page_id=322"},"modified":"2019-12-02T13:03:47","modified_gmt":"2019-12-02T13:03:47","slug":"programas","status":"publish","type":"page","link":"https:\/\/www.pe.senai.br\/en\/quem-somos\/programas\/","title":{"rendered":"Programas"},"content":{"rendered":"<p>O Servi\u00e7o Nacional de Aprendizagem Industrial (SENAI), \u00e9 a maior rede de Educa\u00e7\u00e3o Profissional da Am\u00e9rica Latina, tem como miss\u00e3o promover a educa\u00e7\u00e3o profissional e tecnol\u00f3gica, a inova\u00e7\u00e3o e a transfer\u00eancia de tecnologias industriais, contribuindo para elevar a competitividade da ind\u00fastria brasileira.<\/p>\n<p>Em Pernambuco, integra o Sistema FIEPE (da Federa\u00e7\u00e3o das Ind\u00fastrias do Estado de Pernambuco) e sua marca de refer\u00eancia \u00e9 ser reconhecido como provedor de inova\u00e7\u00e3o e solu\u00e7\u00f5es tecnol\u00f3gicas e educacionais para Ind\u00fastria do Estado e da Regi\u00e3o.<\/p>","protected":false},"excerpt":{"rendered":"<p>O Servi\u00e7o Nacional de Aprendizagem Industrial (SENAI), \u00e9 a maior rede de Educa\u00e7\u00e3o Profissional da Am\u00e9rica Latina, tem como miss\u00e3o promover a educa\u00e7\u00e3o profissional e tecnol\u00f3gica, a inova\u00e7\u00e3o e a transfer\u00eancia de tecnologias industriais, contribuindo para elevar a competitividade da ind\u00fastria brasileira. Em Pernambuco, integra o Sistema FIEPE (da Federa\u00e7\u00e3o das Ind\u00fastrias do Estado de [&hellip;]<\/p>","protected":false},"author":1,"featured_media":324,"parent":18,"menu_order":0,"comment_status":"closed","ping_status":"closed","template":"page-programas.php","meta":{"_acf_changed":false,"footnotes":""},"acf":[],"_links":{"self":[{"href":"https:\/\/www.pe.senai.br\/en\/wp-json\/wp\/v2\/pages\/322"}],"collection":[{"href":"https:\/\/www.pe.senai.br\/en\/wp-json\/wp\/v2\/pages"}],"about":[{"href":"https:\/\/www.pe.senai.br\/en\/wp-json\/wp\/v2\/types\/page"}],"author":[{"embeddable":true,"href":"https:\/\/www.pe.senai.br\/en\/wp-json\/wp\/v2\/users\/1"}],"replies":[{"embeddable":true,"href":"https:\/\/www.pe.senai.br\/en\/wp-json\/wp\/v2\/comments?post=322"}],"version-history":[{"count":0,"href":"https:\/\/www.pe.senai.br\/en\/wp-json\/wp\/v2\/pages\/322\/revisions"}],"up":[{"embeddable":true,"href":"https:\/\/www.pe.senai.br\/en\/wp-json\/wp\/v2\/pages\/18"}],"wp:featuredmedia":[{"embeddable":true,"href":"https:\/\/www.pe.senai.br\/en\/wp-json\/wp\/v2\/media\/324"}],"wp:attachment":[{"href":"https:\/\/www.pe.senai.br\/en\/wp-json\/wp\/v2\/media?parent=322"}],"curies":[{"name":"wp","href":"https:\/\/api.w.org\/{rel}","templated":true}]}}

<p>O Serviço Nacional de Aprendizagem Industrial (SENAI), é a maior rede de Educação Profissional da América Latina, tem como missão promover a educação profissional e tecnológica, a inovação e a transferência de tecnologias industriais, contribuindo para elevar a competitividade da indústria brasileira.</p>
<p>Em Pernambuco, integra o Sistema FIEPE (da Federação das Indústrias do Estado de Pernambuco) e sua marca de referência é ser reconhecido como provedor de inovação e soluções tecnológicas e educacionais para Indústria do Estado e da Região.</p>

<p>O Serviço Nacional de Aprendizagem Industrial (SENAI), é a maior rede de Educação Profissional da América Latina, tem como missão promover a educação profissional e tecnológica, a inovação e a transferência de tecnologias industriais, contribuindo para elevar a competitividade da indústria brasileira. Em Pernambuco, integra o Sistema FIEPE (da Federação das Indústrias do Estado de [&hellip;]</p>
